on divisor of k and 133.
19
Let h be 6/(-2) + 24/3 + 210. Calculate the highest common factor of h and 30.
5
Suppose 48*p + 21*p - 13731 = -4347. What is the highest common divisor of p and 306?
34
Suppose 15*j - 11*j = -22*j + 1560. What is the greatest common divisor of j and 2388?
12
Let u(b) = -b**3 - 8*b**2 - 10*b - 60. Let g be u(-10). Suppose g + 570 = 10*z. Calculate the highest common factor of 3 and z.
3
Let p(n) = -61*n**3 - 18*n**2 - 37*n + 27. Let z be p(-5). Calculate the greatest common divisor of z and 83.
83
Let i be ((-8334)/(-54))/(4/348) - -13. Calculate the greatest common divisor of i and 252.
84
Suppose 3*a + 325 + 89 = 12*a. Let j(b) = 7*b - 5. Let u be j(4). What is the highest common divisor of u and a?
23
Suppose 19 + 5 = 6*d. Suppose 136 = 5*l + d*t, l - 3*t = -6*t + 25. Let f be 721/l - (-3)/(-4). Calculate the highest common divisor of 225 and f.
25
Suppose 22*c = 12*c + 100. Suppose 2*k - c = 26. What is the greatest common divisor of 6 and k?
6
Let u = -6256 - -7488. What is the highest common factor of 352 and u?
176
Suppose -5*k = 3*d - 227, 8*d - 12*d = 3*k - 145. Calculate the greatest common factor of 3139 and k.
43
Let o be (-11 - -5) + 8 + 5 - -83. Suppose 5*k - 254 = 16. Calculate the greatest common factor of o and k.
18
Suppose -5*g + 237 = -103. Let y = 1135 + -1131. Calculate the highest common factor of y and g.
4
Suppose o - 262 = -4*p, 2*o - 4*p = -p + 480. Let d = -195 + o. What is the highest common factor of d and 187?
17
Let s = 6718 - 6676. What is the highest common divisor of s and 1113?
21
Let a be 25 - ((-108)/16)/(-9)*-4. Suppose 2*l = a*l - 338. What is the greatest common divisor of 13 and l?
13
Let x(d) = -6*d**3 + 14*d**2 - 40*d - 65. Let c be x(-10). What is the greatest common divisor of 91 and c?
91
Suppose 2*m - 22880 + 7367 = 5*z, -5*m = -3*z - 38754. What is the highest common factor of 567 and m?
189
Let g = 1115 + -1098. Suppose 94 = 4*o - 450. What is the greatest common factor of g and o?
17
Let l be 4/(-10) + 1762/5. Suppose 4*h + 5*d = -142, -80*d = -4*h - 77*d - 126. Let n be 22 - 11/(h/30). Calculate the greatest common divisor of n and l.
32
Let m = -24025 - -24494. Calculate the greatest common divisor of 67 and m.
67
Let m(x) = -10*x + 1. Let d be m(-8). Let k(i) = -3*i + 3 + i**3 - 4 + 2*i**2 + 10 - 3*i**2. Let p be k(0). What is the highest common divisor of p and d?
9
Let n(k) = 892*k**2 + 70*k + 237. Let l be n(-4). What is the greatest common divisor of l and 9?
9
Let k(v) be the second derivative of -11/3*v**3 + 0 + 35*v - 4*v**2 + 1/6*v**4. Let u be k(12). What is the highest common divisor of u and 48?
16
Suppose 633*u - 1270*u = -624*u - 559. Calculate the greatest common divisor of u and 7181.
43
Let r(c) = c**2 + 14*c - 33. Let f be r(-16). Let j be f + (-4)/(-5)*(4 - -41). What is the greatest common divisor of j and 175?
35
Let s be 140/6*(7314/920 - (-3)/(-4)). What is the greatest common factor of s and 1736?
56
Suppose 3*b - 6865 + 6955 = 5*f, 0 = 3*f + 3*b - 6. Let y be 4*1 - (-3 - -1). Calculate the highest common factor of f and y.
6
Suppose -j + 21 = -h + 5, 0 = 4*j - h - 52. Let o be (-2)/8 + (-2165)/(-20). Calculate the highest common factor of o and j.
12
Let p be (0 + 2)/(1/5). Suppose 6*c - 205 = 197. Let d = -7 + c. What is the highest common factor of p and d?
10
Let o = 6 + -18. Let i be (o/5)/(1/(-55)). Suppose -14*n - 33 = -13*n - 5*r, 0 = -5*n + 5*r + 15. Calculate the highest common factor of i and n.
12
Suppose -u = -2*h + 10, u = -h - u. Suppose -3*k + 61 = -s - 12, h = -4*s. Calculate the highest common factor of k and 54.
6
Let c be (1936/605)/((-6)/10 - -1). What is the greatest common divisor of c and 15440?
8
Let g(v) = -v**2 + 38*v - 71*v + 36*v + v**3 - 1. Let r be g(3). What is the greatest common factor of r and 13?
13
Let z = -3378 - -3450. What is the highest common factor of z and 10728?
72
Let a be 14*3/21*-12. Let x be 25 - (a/(-20))/(8/(-20)). Let z = 47 + x. What is the greatest common factor of 15 and z?
15
Suppose 0 = 2*l + 3*l. Suppose 0 = -2*y - 2*q + 44, -2*y - 2*y + 2*q + 88 = l. Suppose 85*v + 396 = 91*v. What is the highest common divisor of v and y?
22
Let o be (-2528298)/(-184) - ((-9)/(-10))/(18/15). What is the highest common factor of o and 15?
15
Let s(p) = -p**3 - 2*p**2 - 2*p - 9. Let w be s(-4). Let u(a) = 403*a**2 - 5*a + 5. Let f be u(1). What is the greatest common factor of w and f?
31
Let c = -5806 - -7690. Calculate the greatest common factor of c and 12.
12
Let n be 88*(-4)/(-8) - -2. What is the highest common factor of 3588 and n?
46
Suppose -244 - 398 = -5*t - 2*h, -2*t + 222 = -5*h. What is the highest common divisor of 546 and t?
42
Let v = -2 + 2. Suppose 4*x = -v*x + 128. Suppose 0 = -19*p + 35*p - 256. What is the highest common divisor of x and p?
16
Let y be 24*183/15 - (-3)/15. Let q = y - 254. What is the highest common divisor of q and 351?
39
Suppose 15*r = 68*r - 1272. Calculate the greatest common divisor of r and 108.
12
Let v be 588/4 + 7 - 4. Suppose -y = 2*y - v. Calculate the highest common divisor of 550 and y.
50
Suppose 8*u - u + 147 = 0. Let y(a) = -4*a - 67. Let j be y(u). What is the greatest common divisor of 170 and j?
17
Suppose -37*q - 55*q - 5320 = -282*q. Let b = 1769 + -1013. Calculate the highest common divisor of b and q.
28
Suppose 0 = -3*w - 2*w + 385. Let u = -300 + 318. Suppose u*p = -6*p + 264. Calculate the highest common factor of w and p.
11
Let o be -3*(1 + 4/(-3)). Suppose 17*k - 22*k - 2373 = 4*y, 2*k + 5*y + 956 = 0. Let z = k + 482. Calculate the highest common factor of z and o.
1
Let o(x) = 3*x**2 - 35*x - 63. Let w be o(24). What is the greatest common factor of w and 900?
75
Suppose -p + m = 4*m - 3720, -7444 = -2*p - 5*m. What is the greatest common factor of 48 and p?
12
Let j = -2927 - -2933. Let s be (-1 - 3)/((-16)/8). What is the highest common factor of j and s?
2
Suppose -5*v - 2*j - 2*j = -158, -2*v = -3*j - 77. Suppose 23*k = v*k - 253. Calculate the greatest common factor of 161 and k.
23
Let r be -3 - ((-4)/(-5) + 2286/30). Let k = -58 - r. Calculate the highest common divisor of k and 33.
11
Let r = -3160 - -3177. Calculate the highest common divisor of 544 and r.
17
Suppose -3*i + 30*r = 31*r - 2550, 3*r = -i + 866. What is the highest common divisor of 7420 and i?
212
Suppose 1365 = 5*g - 3*c - c, -2*g + 5*c + 546 = 0. Let x be g/7 - (2 + 3 + -1). What is the greatest common divisor of x and 280?
35
Let a = -4 + 8. Let y be a/(-6) + 5825/75. Suppose 110 = 10*d - 0*d. Calculate the greatest common divisor of y and d.
11
Let u(v) = -2*v - 4. Let l be u(-7). Suppose -56 = 41*y - 343. Suppose 2*g = y*g - l. What is the highest common divisor of g and 2?
2
Let o = -27837 - -28587. Calculate the greatest common divisor of o and 195.
15
Suppose 190 = 8*p + 2*p. Let y be -7 + 7 + 0 - (-2)/1. What is the highest common factor of y and p?
1
Let z(f) = -8*f + 38. Let n be z(5). Let c be n/((-110)/30845) - (-6)/33. What is the highest common divisor of 33 and c?
33
Let y be 1 + (2657 - (1 - -10)) + -7. What is the greatest common divisor of y and 105?
15
Let d(r) = r**3 - 30*r**2 - 58*r - 33. Let c be d(34). What is the highest common factor of c and 216?
27
Let a(f) be the first derivative of f**2/2 + 2*f + 49. Let w be a(7). What is the greatest common divisor of 63 and w?
9
Suppose 2 = 2*t - 2. Suppose 0 = -f + a + t, -a = 4*f - 28 + 5. Suppose -3*i + 3 = f*b - 8, -5*i = -2*b - 39. Calculate the highest common divisor of i and 7.
7
Let i be (-24)/(-11) - (-10)/(-55). Let d = 6 - i. Suppose 4*x - 49 = 15. What is the highest common factor of x and d?
4
Let k(o) = 1 - 4*o**3 - 5 - 4*o**2 + 2*o**3 + 0. Let c be k(-3). Let a = -191 - -205. Calculate the highest common divisor of c and a.
14
Suppose -6 = 2*s, 4*v + 2*s + 1 = 23. Let h = v + -7. Suppose 3*z - z - 22 = h. What is the greatest common factor of z and 33?
11
Suppose 171*x = 6713 - 557. Let u be 12/9*3/2. Suppose -u*r + 9 = 1. What is the highest common factor of x and r?
4
Suppose -148*c + 9671 + 52265 = 405*c. Calculate the greatest common divisor of 296 and c.
8
Suppose -2*g - 116 = 4*q, 0*g + 3*g = -3*q - 84. Let h = -90 - q. Let f be (2376/h)/((-2)/15). What is the great